{"id":3302,"date":"2023-10-19T13:48:11","date_gmt":"2023-10-19T11:48:11","guid":{"rendered":"https:\/\/sparkassenstiftungen-ka.de\/jugendstiftung\/?page_id=3302"},"modified":"2023-10-19T13:48:12","modified_gmt":"2023-10-19T11:48:12","slug":"kreativitaet-in-der-schule","status":"publish","type":"page","link":"https:\/\/sparkassenstiftungen-ka.de\/jugendstiftung\/kreativitaet-und-musik\/kreativitaet-in-der-schule\/","title":{"rendered":"Kreativit\u00e4t in der Schule"},"content":{"rendered":"\n<h2 class=\"gb-headline gb-headline-260cbf02 gb-headline-text\">Kreativit\u00e4t in der Schule<\/h2>\n\n\n\n<div class=\"gb-grid-wrapper gb-grid-wrapper-9dc591a5 gb-query-loop-wrapper\">\n<div class=\"gb-grid-column gb-grid-column-55d15109 gb-query-loop-item post-3960 post type-post status-publish format-standard has-post-thumbnail hentry category-kreativitaet-in-der-schule\"><div class=\"gb-container gb-container-55d15109\">\n<figure class=\"gb-block-image gb-block-image-d592533d\"><a href=\"https:\/\/sparkassenstiftungen-ka.de\/jugendstiftung\/kreativitaet-musik\/kreativitaet-in-der-schule\/98-ausstellung-kreativitat-in-der-schule\/\"><img loading=\"lazy\" decoding=\"async\" width=\"1200\" height=\"700\" src=\"https:\/\/sparkassenstiftungen-ka.de\/jugendstiftung\/wp-content\/uploads\/sites\/2\/2025\/07\/kreativitaet-in-der-schule-2025.webp\" class=\"gb-image-d592533d\" alt=\"Kreativit\u00e4t in der Schule\" srcset=\"https:\/\/sparkassenstiftungen-ka.de\/jugendstiftung\/wp-content\/uploads\/sites\/2\/2025\/07\/kreativitaet-in-der-schule-2025.webp 1200w, https:\/\/sparkassenstiftungen-ka.de\/jugendstiftung\/wp-content\/uploads\/sites\/2\/2025\/07\/kreativitaet-in-der-schule-2025-300x175.webp 300w, https:\/\/sparkassenstiftungen-ka.de\/jugendstiftung\/wp-content\/uploads\/sites\/2\/2025\/07\/kreativitaet-in-der-schule-2025-1024x597.webp 1024w, https:\/\/sparkassenstiftungen-ka.de\/jugendstiftung\/wp-content\/uploads\/sites\/2\/2025\/07\/kreativitaet-in-der-schule-2025-768x448.webp 768w\" sizes=\"auto, (max-width: 1200px) 100vw, 1200px\" \/><\/a><\/figure>\n\n<h2 class=\"gb-headline gb-headline-46b49b0c gb-headline-text\"><a href=\"https:\/\/sparkassenstiftungen-ka.de\/jugendstiftung\/kreativitaet-musik\/kreativitaet-in-der-schule\/98-ausstellung-kreativitat-in-der-schule\/\">98. Ausstellung im Rahmen von \u201eKreativit\u00e4t in der Schule\u201c<\/a><\/h2>\n\n<div class=\"gb-headline gb-headline-12dd70d8 gb-headline-text\">Bunt, lebendig und mit allen Sinnen erfahrbar \u2013 unter dem Motto \u201eDie Natur spricht Farbe\u201c zeigen Sch\u00fcler:innen der drei Graben-Neudorfer Schulen, wie vielf\u00e4ltig und farbenfroh &#8230; <a title=\"98. Ausstellung im Rahmen von \u201eKreativit\u00e4t in der Schule\u201c\" class=\"read-more\" href=\"https:\/\/sparkassenstiftungen-ka.de\/jugendstiftung\/kreativitaet-musik\/kreativitaet-in-der-schule\/98-ausstellung-kreativitat-in-der-schule\/\" aria-label=\"Mehr Informationen \u00fcber 98. Ausstellung im Rahmen von \u201eKreativit\u00e4t in der Schule\u201c\">Weiterlesen &#8230;<\/a><\/div>\n<\/div><\/div>\n\n<div class=\"gb-grid-column gb-grid-column-55d15109 gb-query-loop-item post-3543 post type-post status-publish format-standard has-post-thumbnail hentry category-kreativitaet-in-der-schule\"><div class=\"gb-container gb-container-55d15109\">\n<figure class=\"gb-block-image gb-block-image-d592533d\"><a href=\"https:\/\/sparkassenstiftungen-ka.de\/jugendstiftung\/kreativitaet-musik\/kreativitaet-in-der-schule\/kreativitaet-in-der-schule-2024\/\"><img loading=\"lazy\" decoding=\"async\" width=\"1200\" height=\"700\" src=\"https:\/\/sparkassenstiftungen-ka.de\/jugendstiftung\/wp-content\/uploads\/sites\/2\/2024\/06\/Kreativitaet-in-der-Schule-2024-header.webp\" class=\"gb-image-d592533d\" alt=\"Kreativit\u00e4t in der Schule 2024\" srcset=\"https:\/\/sparkassenstiftungen-ka.de\/jugendstiftung\/wp-content\/uploads\/sites\/2\/2024\/06\/Kreativitaet-in-der-Schule-2024-header.webp 1200w, https:\/\/sparkassenstiftungen-ka.de\/jugendstiftung\/wp-content\/uploads\/sites\/2\/2024\/06\/Kreativitaet-in-der-Schule-2024-header-300x175.webp 300w, https:\/\/sparkassenstiftungen-ka.de\/jugendstiftung\/wp-content\/uploads\/sites\/2\/2024\/06\/Kreativitaet-in-der-Schule-2024-header-1024x597.webp 1024w, https:\/\/sparkassenstiftungen-ka.de\/jugendstiftung\/wp-content\/uploads\/sites\/2\/2024\/06\/Kreativitaet-in-der-Schule-2024-header-768x448.webp 768w\" sizes=\"auto, (max-width: 1200px) 100vw, 1200px\" \/><\/a><\/figure>\n\n<h2 class=\"gb-headline gb-headline-46b49b0c gb-headline-text\"><a href=\"https:\/\/sparkassenstiftungen-ka.de\/jugendstiftung\/kreativitaet-musik\/kreativitaet-in-der-schule\/kreativitaet-in-der-schule-2024\/\">Kreativit\u00e4t in der Schule 2024<\/a><\/h2>\n\n<div class=\"gb-headline gb-headline-12dd70d8 gb-headline-text\">Ausstellung \u201eKreativit\u00e4t in der Schule\u201c mit Sch\u00fclerarbeiten aus der Kursstufe der Gymnasien 2024 Vernissage am 05. Juni 2024Ausstellungsdauer 05. Juni bis 26. Juni 2024Ort: Sparkassen-Beratungszentrum &#8230; <a title=\"Kreativit\u00e4t in der Schule 2024\" class=\"read-more\" href=\"https:\/\/sparkassenstiftungen-ka.de\/jugendstiftung\/kreativitaet-musik\/kreativitaet-in-der-schule\/kreativitaet-in-der-schule-2024\/\" aria-label=\"Mehr Informationen \u00fcber Kreativit\u00e4t in der Schule 2024\">Weiterlesen &#8230;<\/a><\/div>\n<\/div><\/div>\n\n<div class=\"gb-grid-column gb-grid-column-55d15109 gb-query-loop-item post-3078 post type-post status-publish format-standard has-post-thumbnail hentry category-kreativitaet-in-der-schule\"><div class=\"gb-container gb-container-55d15109\">\n<figure class=\"gb-block-image gb-block-image-d592533d\"><a href=\"https:\/\/sparkassenstiftungen-ka.de\/jugendstiftung\/kreativitaet-musik\/kreativitaet-in-der-schule\/kreativitaet-in-der-schule-mit-drei-graben-neudorfer-schulen\/\"><img loading=\"lazy\" decoding=\"async\" width=\"1200\" height=\"805\" src=\"https:\/\/sparkassenstiftungen-ka.de\/jugendstiftung\/wp-content\/uploads\/sites\/2\/2023\/10\/Kreativitaet-Scheckuebergabe-Graben-Neudorf.jpg\" class=\"gb-image-d592533d\" alt=\"Kreativitaet Scheckuebergabe Graben-Neudorf\" srcset=\"https:\/\/sparkassenstiftungen-ka.de\/jugendstiftung\/wp-content\/uploads\/sites\/2\/2023\/10\/Kreativitaet-Scheckuebergabe-Graben-Neudorf.jpg 1200w, https:\/\/sparkassenstiftungen-ka.de\/jugendstiftung\/wp-content\/uploads\/sites\/2\/2023\/10\/Kreativitaet-Scheckuebergabe-Graben-Neudorf-300x201.jpg 300w, https:\/\/sparkassenstiftungen-ka.de\/jugendstiftung\/wp-content\/uploads\/sites\/2\/2023\/10\/Kreativitaet-Scheckuebergabe-Graben-Neudorf-1024x687.jpg 1024w, https:\/\/sparkassenstiftungen-ka.de\/jugendstiftung\/wp-content\/uploads\/sites\/2\/2023\/10\/Kreativitaet-Scheckuebergabe-Graben-Neudorf-768x515.jpg 768w\" sizes=\"auto, (max-width: 1200px) 100vw, 1200px\" \/><\/a><\/figure>\n\n<h2 class=\"gb-headline gb-headline-46b49b0c gb-headline-text\"><a href=\"https:\/\/sparkassenstiftungen-ka.de\/jugendstiftung\/kreativitaet-musik\/kreativitaet-in-der-schule\/kreativitaet-in-der-schule-mit-drei-graben-neudorfer-schulen\/\">\u201eKreativit\u00e4t in der Schule\u201c mit drei Graben-Neudorfer Schulen<\/a><\/h2>\n\n<div class=\"gb-headline gb-headline-12dd70d8 gb-headline-text\">Was f\u00e4llt Ihnen ein, wenn Sie an den Winter denken? K\u00e4lte, Schnee schippen und Eis kratzen? Oder Weihnachten, Eisblumen und Kerzenlicht? F\u00fcr die Sch\u00fclerinnen und &#8230; <a title=\"\u201eKreativit\u00e4t in der Schule\u201c mit drei Graben-Neudorfer Schulen\" class=\"read-more\" href=\"https:\/\/sparkassenstiftungen-ka.de\/jugendstiftung\/kreativitaet-musik\/kreativitaet-in-der-schule\/kreativitaet-in-der-schule-mit-drei-graben-neudorfer-schulen\/\" aria-label=\"Mehr Informationen \u00fcber \u201eKreativit\u00e4t in der Schule\u201c mit drei Graben-Neudorfer Schulen\">Weiterlesen &#8230;<\/a><\/div>\n<\/div><\/div>\n\n<div class=\"gb-grid-column gb-grid-column-55d15109 gb-query-loop-item post-3075 post type-post status-publish format-standard has-post-thumbnail hentry category-kreativitaet-in-der-schule\"><div class=\"gb-container gb-container-55d15109\">\n<figure class=\"gb-block-image gb-block-image-d592533d\"><a href=\"https:\/\/sparkassenstiftungen-ka.de\/jugendstiftung\/kreativitaet-musik\/kreativitaet-in-der-schule\/ausstellung-kreativitaet-in-der-schule-mit-der-viktor-von-scheffel-schule\/\"><img loading=\"lazy\" decoding=\"async\" width=\"1200\" height=\"687\" src=\"https:\/\/sparkassenstiftungen-ka.de\/jugendstiftung\/wp-content\/uploads\/sites\/2\/2023\/10\/Kreativitaet_Knielingen_2019.jpg\" class=\"gb-image-d592533d\" alt=\"Kreativit\u00e4t in der Schule Knielingen 2019\" srcset=\"https:\/\/sparkassenstiftungen-ka.de\/jugendstiftung\/wp-content\/uploads\/sites\/2\/2023\/10\/Kreativitaet_Knielingen_2019.jpg 1200w, https:\/\/sparkassenstiftungen-ka.de\/jugendstiftung\/wp-content\/uploads\/sites\/2\/2023\/10\/Kreativitaet_Knielingen_2019-300x172.jpg 300w, https:\/\/sparkassenstiftungen-ka.de\/jugendstiftung\/wp-content\/uploads\/sites\/2\/2023\/10\/Kreativitaet_Knielingen_2019-1024x586.jpg 1024w, https:\/\/sparkassenstiftungen-ka.de\/jugendstiftung\/wp-content\/uploads\/sites\/2\/2023\/10\/Kreativitaet_Knielingen_2019-768x440.jpg 768w\" sizes=\"auto, (max-width: 1200px) 100vw, 1200px\" \/><\/a><\/figure>\n\n<h2 class=\"gb-headline gb-headline-46b49b0c gb-headline-text\"><a href=\"https:\/\/sparkassenstiftungen-ka.de\/jugendstiftung\/kreativitaet-musik\/kreativitaet-in-der-schule\/ausstellung-kreativitaet-in-der-schule-mit-der-viktor-von-scheffel-schule\/\">Ausstellung \u201eKreativit\u00e4t in der Schule\u201c mit der Viktor-von-Scheffel-Schule<\/a><\/h2>\n\n<div class=\"gb-headline gb-headline-12dd70d8 gb-headline-text\">\u201eMeine \u2013 deine \u2013 unsere Welt\u201c ist das Motto der 95. Ausstellung des Projekts \u201eKreativit\u00e4t in der Schule\u201c, die zurzeit in der Sparkassenfiliale Knielingen zu &#8230; <a title=\"Ausstellung \u201eKreativit\u00e4t in der Schule\u201c mit der Viktor-von-Scheffel-Schule\" class=\"read-more\" href=\"https:\/\/sparkassenstiftungen-ka.de\/jugendstiftung\/kreativitaet-musik\/kreativitaet-in-der-schule\/ausstellung-kreativitaet-in-der-schule-mit-der-viktor-von-scheffel-schule\/\" aria-label=\"Mehr Informationen \u00fcber Ausstellung \u201eKreativit\u00e4t in der Schule\u201c mit der Viktor-von-Scheffel-Schule\">Weiterlesen &#8230;<\/a><\/div>\n<\/div><\/div>\n<\/div>\n","protected":false},"excerpt":{"rendered":"<p>Kreativit\u00e4t in der Schule<\/p>\n","protected":false},"author":2,"featured_media":3076,"parent":3293,"menu_order":0,"comment_status":"closed","ping_status":"closed","template":"","meta":{"footnotes":""},"class_list":{"0":"post-3302","1":"page","2":"type-page","3":"status-publish","4":"has-post-thumbnail","6":"resize-featured-image"},"_links":{"self":[{"href":"https:\/\/sparkassenstiftungen-ka.de\/jugendstiftung\/wp-json\/wp\/v2\/pages\/3302","targetHints":{"allow":["GET"]}}],"collection":[{"href":"https:\/\/sparkassenstiftungen-ka.de\/jugendstiftung\/wp-json\/wp\/v2\/pages"}],"about":[{"href":"https:\/\/sparkassenstiftungen-ka.de\/jugendstiftung\/wp-json\/wp\/v2\/types\/page"}],"author":[{"embeddable":true,"href":"https:\/\/sparkassenstiftungen-ka.de\/jugendstiftung\/wp-json\/wp\/v2\/users\/2"}],"replies":[{"embeddable":true,"href":"https:\/\/sparkassenstiftungen-ka.de\/jugendstiftung\/wp-json\/wp\/v2\/comments?post=3302"}],"version-history":[{"count":1,"href":"https:\/\/sparkassenstiftungen-ka.de\/jugendstiftung\/wp-json\/wp\/v2\/pages\/3302\/revisions"}],"predecessor-version":[{"id":3303,"href":"https:\/\/sparkassenstiftungen-ka.de\/jugendstiftung\/wp-json\/wp\/v2\/pages\/3302\/revisions\/3303"}],"up":[{"embeddable":true,"href":"https:\/\/sparkassenstiftungen-ka.de\/jugendstiftung\/wp-json\/wp\/v2\/pages\/3293"}],"wp:featuredmedia":[{"embeddable":true,"href":"https:\/\/sparkassenstiftungen-ka.de\/jugendstiftung\/wp-json\/wp\/v2\/media\/3076"}],"wp:attachment":[{"href":"https:\/\/sparkassenstiftungen-ka.de\/jugendstiftung\/wp-json\/wp\/v2\/media?parent=3302"}],"curies":[{"name":"wp","href":"https:\/\/api.w.org\/{rel}","templated":true}]}}