{"id":3296,"date":"2023-10-19T13:43:52","date_gmt":"2023-10-19T11:43:52","guid":{"rendered":"https:\/\/sparkassenstiftungen-ka.de\/jugendstiftung\/?page_id=3296"},"modified":"2023-10-19T13:43:52","modified_gmt":"2023-10-19T11:43:52","slug":"autorenlesung","status":"publish","type":"page","link":"https:\/\/sparkassenstiftungen-ka.de\/jugendstiftung\/kreativitaet-und-musik\/autorenlesung\/","title":{"rendered":"Autorenlesung"},"content":{"rendered":"\n<h2 class=\"gb-headline gb-headline-260cbf02 gb-headline-text\">Autorenlesung<\/h2>\n\n\n\n<div class=\"gb-grid-wrapper gb-grid-wrapper-9dc591a5 gb-query-loop-wrapper\">\n<div class=\"gb-grid-column gb-grid-column-55d15109 gb-query-loop-item post-3059 post type-post status-publish format-standard has-post-thumbnail hentry category-lesung-autorengespraech\"><div class=\"gb-container gb-container-55d15109\">\n<figure class=\"gb-block-image gb-block-image-d592533d\"><a href=\"https:\/\/sparkassenstiftungen-ka.de\/jugendstiftung\/kreativitaet-musik\/lesung-autorengespraech\/lesung-und-autorengespraech-mit-hans-ulrich-treichel\/\"><img loading=\"lazy\" decoding=\"async\" width=\"1200\" height=\"744\" src=\"https:\/\/sparkassenstiftungen-ka.de\/jugendstiftung\/wp-content\/uploads\/sites\/2\/2023\/10\/oberstufenmatinee.jpg\" class=\"gb-image-d592533d\" alt=\"Oberstufenmatinee\" srcset=\"https:\/\/sparkassenstiftungen-ka.de\/jugendstiftung\/wp-content\/uploads\/sites\/2\/2023\/10\/oberstufenmatinee.jpg 1200w, https:\/\/sparkassenstiftungen-ka.de\/jugendstiftung\/wp-content\/uploads\/sites\/2\/2023\/10\/oberstufenmatinee-300x186.jpg 300w, https:\/\/sparkassenstiftungen-ka.de\/jugendstiftung\/wp-content\/uploads\/sites\/2\/2023\/10\/oberstufenmatinee-1024x635.jpg 1024w, https:\/\/sparkassenstiftungen-ka.de\/jugendstiftung\/wp-content\/uploads\/sites\/2\/2023\/10\/oberstufenmatinee-768x476.jpg 768w\" sizes=\"auto, (max-width: 1200px) 100vw, 1200px\" \/><\/a><\/figure>\n\n<h2 class=\"gb-headline gb-headline-46b49b0c gb-headline-text\"><a href=\"https:\/\/sparkassenstiftungen-ka.de\/jugendstiftung\/kreativitaet-musik\/lesung-autorengespraech\/lesung-und-autorengespraech-mit-hans-ulrich-treichel\/\">Lesung und Autorengespr\u00e4ch mit Hans-Ulrich Treichel<\/a><\/h2>\n\n<div class=\"gb-headline gb-headline-12dd70d8 gb-headline-text\">Die Erz\u00e4hlung \u201eDer Verlorene\u201c von Hans-Ulrich Treichel wird ab dem Abitur 2021 zur Abiturpflichtlekt\u00fcre geh\u00f6ren. F\u00fcr rund 200 Sch\u00fclerinnen der gymnasialen Kursstufe wird dies eine &#8230; <a title=\"Lesung und Autorengespr\u00e4ch mit Hans-Ulrich Treichel\" class=\"read-more\" href=\"https:\/\/sparkassenstiftungen-ka.de\/jugendstiftung\/kreativitaet-musik\/lesung-autorengespraech\/lesung-und-autorengespraech-mit-hans-ulrich-treichel\/\" aria-label=\"Mehr Informationen \u00fcber Lesung und Autorengespr\u00e4ch mit Hans-Ulrich Treichel\">Weiterlesen &#8230;<\/a><\/div>\n<\/div><\/div>\n<\/div>\n","protected":false},"excerpt":{"rendered":"<p>Autorenlesung<\/p>\n","protected":false},"author":2,"featured_media":3060,"parent":3293,"menu_order":0,"comment_status":"closed","ping_status":"closed","template":"","meta":{"footnotes":""},"class_list":{"0":"post-3296","1":"page","2":"type-page","3":"status-publish","4":"has-post-thumbnail","6":"resize-featured-image"},"_links":{"self":[{"href":"https:\/\/sparkassenstiftungen-ka.de\/jugendstiftung\/wp-json\/wp\/v2\/pages\/3296","targetHints":{"allow":["GET"]}}],"collection":[{"href":"https:\/\/sparkassenstiftungen-ka.de\/jugendstiftung\/wp-json\/wp\/v2\/pages"}],"about":[{"href":"https:\/\/sparkassenstiftungen-ka.de\/jugendstiftung\/wp-json\/wp\/v2\/types\/page"}],"author":[{"embeddable":true,"href":"https:\/\/sparkassenstiftungen-ka.de\/jugendstiftung\/wp-json\/wp\/v2\/users\/2"}],"replies":[{"embeddable":true,"href":"https:\/\/sparkassenstiftungen-ka.de\/jugendstiftung\/wp-json\/wp\/v2\/comments?post=3296"}],"version-history":[{"count":1,"href":"https:\/\/sparkassenstiftungen-ka.de\/jugendstiftung\/wp-json\/wp\/v2\/pages\/3296\/revisions"}],"predecessor-version":[{"id":3297,"href":"https:\/\/sparkassenstiftungen-ka.de\/jugendstiftung\/wp-json\/wp\/v2\/pages\/3296\/revisions\/3297"}],"up":[{"embeddable":true,"href":"https:\/\/sparkassenstiftungen-ka.de\/jugendstiftung\/wp-json\/wp\/v2\/pages\/3293"}],"wp:featuredmedia":[{"embeddable":true,"href":"https:\/\/sparkassenstiftungen-ka.de\/jugendstiftung\/wp-json\/wp\/v2\/media\/3060"}],"wp:attachment":[{"href":"https:\/\/sparkassenstiftungen-ka.de\/jugendstiftung\/wp-json\/wp\/v2\/media?parent=3296"}],"curies":[{"name":"wp","href":"https:\/\/api.w.org\/{rel}","templated":true}]}}

<h2 class="gb-headline gb-headline-260cbf02 gb-headline-text">Autorenlesung</h2>



<div class="gb-grid-wrapper gb-grid-wrapper-9dc591a5 gb-query-loop-wrapper">
<div class="gb-grid-column gb-grid-column-55d15109 gb-query-loop-item post-3059 post type-post status-publish format-standard has-post-thumbnail hentry category-lesung-autorengespraech"><div class="gb-container gb-container-55d15109">
<figure class="gb-block-image gb-block-image-d592533d"><a href="https://sparkassenstiftungen-ka.de/jugendstiftung/kreativitaet-musik/lesung-autorengespraech/lesung-und-autorengespraech-mit-hans-ulrich-treichel/"><img loading="lazy" decoding="async" width="1200" height="744" src="https://sparkassenstiftungen-ka.de/jugendstiftung/wp-content/uploads/sites/2/2023/10/oberstufenmatinee.jpg" class="gb-image-d592533d" alt="Oberstufenmatinee" srcset="https://sparkassenstiftungen-ka.de/jugendstiftung/wp-content/uploads/sites/2/2023/10/oberstufenmatinee.jpg 1200w, https://sparkassenstiftungen-ka.de/jugendstiftung/wp-content/uploads/sites/2/2023/10/oberstufenmatinee-300x186.jpg 300w, https://sparkassenstiftungen-ka.de/jugendstiftung/wp-content/uploads/sites/2/2023/10/oberstufenmatinee-1024x635.jpg 1024w, https://sparkassenstiftungen-ka.de/jugendstiftung/wp-content/uploads/sites/2/2023/10/oberstufenmatinee-768x476.jpg 768w" sizes="auto, (max-width: 1200px) 100vw, 1200px" /></a></figure>

<h2 class="gb-headline gb-headline-46b49b0c gb-headline-text"><a href="https://sparkassenstiftungen-ka.de/jugendstiftung/kreativitaet-musik/lesung-autorengespraech/lesung-und-autorengespraech-mit-hans-ulrich-treichel/">Lesung und Autorengespräch mit Hans-Ulrich Treichel</a></h2>

<div class="gb-headline gb-headline-12dd70d8 gb-headline-text">Die Erzählung „Der Verlorene“ von Hans-Ulrich Treichel wird ab dem Abitur 2021 zur Abiturpflichtlektüre gehören. Für rund 200 Schülerinnen der gymnasialen Kursstufe wird dies eine &#8230; <a title="Lesung und Autorengespräch mit Hans-Ulrich Treichel" class="read-more" href="https://sparkassenstiftungen-ka.de/jugendstiftung/kreativitaet-musik/lesung-autorengespraech/lesung-und-autorengespraech-mit-hans-ulrich-treichel/" aria-label="Mehr Informationen über Lesung und Autorengespräch mit Hans-Ulrich Treichel">Weiterlesen &#8230;</a></div>
</div></div>
</div>
