{"id":3193,"date":"2023-10-19T08:50:13","date_gmt":"2023-10-19T06:50:13","guid":{"rendered":"https:\/\/sparkassenstiftungen-ka.de\/jugendstiftung\/?page_id=3193"},"modified":"2025-05-12T18:31:35","modified_gmt":"2025-05-12T16:31:35","slug":"experimente-kurse-im-naturkundemuseum-karlsruhe","status":"publish","type":"page","link":"https:\/\/sparkassenstiftungen-ka.de\/jugendstiftung\/forschen\/experimente-kurse-im-naturkundemuseum-karlsruhe\/","title":{"rendered":"Experimente-Kurse im Naturkundemuseum Karlsruhe"},"content":{"rendered":"\n<figure class=\"wp-block-image size-full\"><img loading=\"lazy\" decoding=\"async\" width=\"1920\" height=\"1280\" src=\"https:\/\/sparkassenstiftungen-ka.de\/jugendstiftung\/wp-content\/uploads\/sites\/2\/2023\/10\/titel-experimentier-kurse.jpg\" alt=\"Experimente-Kurse im Naturkundemuseum Karlsruhe\" class=\"wp-image-3227\" srcset=\"https:\/\/sparkassenstiftungen-ka.de\/jugendstiftung\/wp-content\/uploads\/sites\/2\/2023\/10\/titel-experimentier-kurse.jpg 1920w, https:\/\/sparkassenstiftungen-ka.de\/jugendstiftung\/wp-content\/uploads\/sites\/2\/2023\/10\/titel-experimentier-kurse-300x200.jpg 300w, https:\/\/sparkassenstiftungen-ka.de\/jugendstiftung\/wp-content\/uploads\/sites\/2\/2023\/10\/titel-experimentier-kurse-1024x683.jpg 1024w, https:\/\/sparkassenstiftungen-ka.de\/jugendstiftung\/wp-content\/uploads\/sites\/2\/2023\/10\/titel-experimentier-kurse-768x512.jpg 768w, https:\/\/sparkassenstiftungen-ka.de\/jugendstiftung\/wp-content\/uploads\/sites\/2\/2023\/10\/titel-experimentier-kurse-1536x1024.jpg 1536w\" sizes=\"auto, (max-width: 1920px) 100vw, 1920px\" \/><figcaption class=\"wp-element-caption\">Experimente-Kurse im Naturkundemuseum Karlsruhe<\/figcaption><\/figure>\n\n\n\n<p>Eine ganz besondere Anziehungskraft auf Kinder besitzen die Experimentekurse des Staatlichen Museums f\u00fcr Naturkunde Karlsruhe, die oft schon nach wenigen Stunden ausgebucht sind.<\/p>\n\n\n\n<p>Sie richten sich an 5- bis 7-j\u00e4hrige M\u00e4dchen und Jungen und vermitteln auf kindgerechte Weise die \u201eGeheimnisse\u201c naturwissenschaftlicher Ph\u00e4nomene. Die elf Themen reichen von Farbe \u00fcber Schmecken und Riechen bis hin zu Magnetismus.<\/p>\n\n\n\n<p>Wer insgesamt acht Kurse besucht hat, wird mit dem Forscherdiplom ausgezeichnet. \u00dcberreicht wird das Diplom in einer separaten Veranstaltung \u2013 gemeinsam durch das Naturkundemuseum und die Jugendstiftung, die die Experimentekurse seit 2006 finanziell f\u00f6rdert.<\/p>\n\n\n\n<p>2016 wurde das Angebot durch die Forschungskurse f\u00fcr Kinder zwischen 9 und 11 Jahren erg\u00e4nzt, die ebenfalls durch die Jugendstiftung unterst\u00fctzt werden.<\/p>\n\n\n\n<p><a href=\"https:\/\/www.smnk.de\/wissensvermittlung\/angebote-fuer-kinder\/experimente\/\">https:\/\/www.smnk.de\/wissensvermittlung\/angebote-fuer-kinder\/experimente\/<\/a><\/p>\n\n\n\n<figure class=\"wp-block-image size-full\"><img loading=\"lazy\" decoding=\"async\" width=\"1200\" height=\"700\" src=\"https:\/\/sparkassenstiftungen-ka.de\/jugendstiftung\/wp-content\/uploads\/sites\/2\/2025\/05\/Naturkundemuseum-20-Jahre-Experimente-Diplom.webp\" alt=\"Naturkundemuseum Forscherdiplome\" class=\"wp-image-3926\" srcset=\"https:\/\/sparkassenstiftungen-ka.de\/jugendstiftung\/wp-content\/uploads\/sites\/2\/2025\/05\/Naturkundemuseum-20-Jahre-Experimente-Diplom.webp 1200w, https:\/\/sparkassenstiftungen-ka.de\/jugendstiftung\/wp-content\/uploads\/sites\/2\/2025\/05\/Naturkundemuseum-20-Jahre-Experimente-Diplom-300x175.webp 300w, https:\/\/sparkassenstiftungen-ka.de\/jugendstiftung\/wp-content\/uploads\/sites\/2\/2025\/05\/Naturkundemuseum-20-Jahre-Experimente-Diplom-1024x597.webp 1024w, https:\/\/sparkassenstiftungen-ka.de\/jugendstiftung\/wp-content\/uploads\/sites\/2\/2025\/05\/Naturkundemuseum-20-Jahre-Experimente-Diplom-768x448.webp 768w\" sizes=\"auto, (max-width: 1200px) 100vw, 1200px\" \/><figcaption class=\"wp-element-caption\">Zum 20-j\u00e4hrigen Jubil\u00e4um der Experimentierkurse gab es ein gro\u00dfes St\u00fcck Torte, Applaus und nat\u00fcrlich die \u00dcbergabe der Forscherdiplome. Mit den Kindern freuten sich am 8. April 2025 (v.l.n.r.) Marion Baum (SMNK), Axel Grether (Gesch\u00e4ftsf\u00fchrer Jugendstiftung), Prof. Dr. Martin Husemann (SMNK), Sparkassendirektor Marc Sesemann (Vorstandsmitglied der Sparkasse Karlsruhe), Dr. Eduard Harms (SMNK), Gisela von Renteln (ehem. Gesch\u00e4ftsf\u00fchrerin Jugendstiftung), Monika Braun (ehem. SMNK) und Daniela Kl\u00fcger (SMNK). (Foto: SMNK)<\/figcaption><\/figure>\n","protected":false},"excerpt":{"rendered":"<p>Eine ganz besondere Anziehungskraft auf Kinder besitzen die Experimentekurse des Staatlichen Museums f\u00fcr Naturkunde Karlsruhe, die oft schon nach wenigen Stunden ausgebucht sind. Sie richten &#8230; <a title=\"Experimente-Kurse im Naturkundemuseum Karlsruhe\" class=\"read-more\" href=\"https:\/\/sparkassenstiftungen-ka.de\/jugendstiftung\/forschen\/experimente-kurse-im-naturkundemuseum-karlsruhe\/\" aria-label=\"Mehr Informationen \u00fcber Experimente-Kurse im Naturkundemuseum Karlsruhe\">Weiterlesen &#8230;<\/a><\/p>\n","protected":false},"author":2,"featured_media":3227,"parent":3191,"menu_order":0,"comment_status":"closed","ping_status":"closed","template":"","meta":{"footnotes":""},"class_list":{"0":"post-3193","1":"page","2":"type-page","3":"status-publish","4":"has-post-thumbnail","6":"resize-featured-image"},"_links":{"self":[{"href":"https:\/\/sparkassenstiftungen-ka.de\/jugendstiftung\/wp-json\/wp\/v2\/pages\/3193","targetHints":{"allow":["GET"]}}],"collection":[{"href":"https:\/\/sparkassenstiftungen-ka.de\/jugendstiftung\/wp-json\/wp\/v2\/pages"}],"about":[{"href":"https:\/\/sparkassenstiftungen-ka.de\/jugendstiftung\/wp-json\/wp\/v2\/types\/page"}],"author":[{"embeddable":true,"href":"https:\/\/sparkassenstiftungen-ka.de\/jugendstiftung\/wp-json\/wp\/v2\/users\/2"}],"replies":[{"embeddable":true,"href":"https:\/\/sparkassenstiftungen-ka.de\/jugendstiftung\/wp-json\/wp\/v2\/comments?post=3193"}],"version-history":[{"count":6,"href":"https:\/\/sparkassenstiftungen-ka.de\/jugendstiftung\/wp-json\/wp\/v2\/pages\/3193\/revisions"}],"predecessor-version":[{"id":3927,"href":"https:\/\/sparkassenstiftungen-ka.de\/jugendstiftung\/wp-json\/wp\/v2\/pages\/3193\/revisions\/3927"}],"up":[{"embeddable":true,"href":"https:\/\/sparkassenstiftungen-ka.de\/jugendstiftung\/wp-json\/wp\/v2\/pages\/3191"}],"wp:featuredmedia":[{"embeddable":true,"href":"https:\/\/sparkassenstiftungen-ka.de\/jugendstiftung\/wp-json\/wp\/v2\/media\/3227"}],"wp:attachment":[{"href":"https:\/\/sparkassenstiftungen-ka.de\/jugendstiftung\/wp-json\/wp\/v2\/media?parent=3193"}],"curies":[{"name":"wp","href":"https:\/\/api.w.org\/{rel}","templated":true}]}}